-21000112120222?
-21000112120221
In base 5, what is -40 - 41103221?
-41103311
In base 9, what is -12 + 323444?
323432
In base 3, what is -1011 + 110222000212001?
110222000210220
In base 11, what is 133341 - -3?
133344
In base 12, what is -4 - 11a88195?
-11a88199
In base 6, what is 112105445 + 4?
112105453
In base 2, what is 100010001101111 + 100101101100000?
1000111111001111
In base 11, what is 14436125 - -5?
1443612a
In base 15, what is -38c6a + -3ab?
-39126
In base 16, what is -259e44 + 2c?
-259e18
In base 13, what is 73b002 + -29?
73aca6
In base 11, what is -108 + 75697?
7558a
In base 3, what is 11 + 2102120221112101?
2102120221112112
In base 14, what is -1c - -b1d5?
b1b7
In base 6, what is -2 - -10440210235?
10440210233
In base 9, what is 505857 - 154?
505703
In base 6, what is -310353 + -4004?
-314401
In base 12, what is -251 - 36b6?
-3947
In base 12, what is 227b21b + 76?
227b295
In base 14, what is -12 - -2aa705?
2aa6d3
In base 5, what is -20120 - -122003012?
121432342
In base 8, what is 650 + -1146545?
-1145675
In base 16, what is 3b776 - -5?
3b77b
In base 5, what is 32200 - 4321?
22324
In base 2, what is 11000110110000001 - -10001001?
11000111000001010
In base 11, what is -3 - 2aa9a18?
-2aa9a20
In base 3, what is -1220002212012212 + -11?
-1220002212020000
In base 8, what is -3 - -31302141?
31302136
In base 7, what is 12204250265 - -3?
12204250301
In base 9, what is 37553220 + -1?
37553218
In base 15, what is -2 + -872b?
-872d
In base 3, what is -22201021000 + -1011012?
-22202102012
In base 7, what is 2 + -24334501?
-24334466
In base 11, what is -293 + 2563a?
25357
In base 2, what is 10101011011011 - 1100001001?
10011111010010
In base 6, what is 1 + -1433245025?
-1433245024
In base 9, what is 368516342 + -3?
368516338
In base 9, what is 3840143 + -3?
3840140
In base 5, what is -41013 + 110204?
14141
In base 14, what is 4b - 1794a6?
-179459
In base 13, what is -5ab0185 + -34?
-5ab01b9
In base 13, what is -792 - 1001?
-1793
In base 8, what is 3333 + 155262?
160615
In base 15, what is -99 - a5ecd?
-a6077
In base 14, what is -b6aa7 - 1?
-b6aa8
In base 7, what is 203521 - 4010?
166511
In base 12, what is -8250374 - 16?
-825038a
In base 13, what is -c6b7 - -1170?
-b547
In base 11, what is 6 - 2a2843?
-2a2838
In base 16, what is -2f567 + b3?
-2f4b4
In base 16, what is 1b3a + 1cb3?
37ed
In base 10, what is 69 + -46145?
-46076
In base 16, what is 134d03e - 1f?
134d01f
In base 14, what is -a8a945 - 5?
-a8a94a
In base 8, what is 2442 - -2345345?
2350007
In base 13, what is 298154 + 0?
298154
In base 3, what is -220221 + 222202100?
221211102
In base 8, what is -4 - 103544?
-103550
In base 2, what is 100 + -11010010101011010011011100?
-11010010101011010011011000
In base 5, what is 4440220 - -23001?
10013221
In base 16, what is 0 + -36c881c?
-36c881c
In base 7, what is 211 + -6223652?
-6223441
In base 6, what is 0 + -35201214124?
-35201214124
In base 12, what is 1173b39b - 3?
1173b398
In base 8, what is 30660 + -3004?
25654
In base 9, what is -5 - 67656025?
-67656031
In base 3, what is -12 + 102001020112101211?
102001020112101122
In base 13, what is 26 - -62c4c?
62c75
In base 7, what is 1 + 263560314?
263560315
In base 9, what is -711677 - -14?
-711663
In base 10, what is -3 - -16177978?
16177975
In base 13, what is 436145c7 + 4?
436145cb
In base 8, what is -30325 - 124?
-30451
In base 14, what is 1 + 7090b2c?
7090b2d
In base 6, what is 44 + 340140401?
340140445
In base 14, what is -2d42534b + -4?
-2d425351
In base 7, what is 155003 - -234?
155240
In base 4, what is -202303 + -33330010?
-100132313
In base 9, what is -378458 - 23?
-378482
In base 13, what is 170 + -31011?
-30b71
In base 6, what is 150035340244 + 1?
150035340245
In base 13, what is 1a49933c + -5?
1a499337
In base 11, what is -12a - 3461453?
-3461582
In base 10, what is 9520738 - -5?
9520743
In base 14, what is -50926 - -257?
-506ad
In base 7, what is -42015155 - -15?
-42015140
In base 3, what is -2110100201 - 20120?
-2110121021
In base 10, what is 4 - 181139059?
-181139055
In base 6, what is 3533133 - -135?
3533312
In base 13, what is -17b7 - -72?
-1745
In base 2, what is -110100111110010111111010111 + -1?
-110100111110010111111011000
In base 7, what is 152255 - -53?
152341
In base 5, what is -104 + 224210322?
224210213
In base 12, what is 145 - 733ba4?
-733a5b
In base 16, what is 2043 + -2196?
-153
In base 16, what is -52bee9 - -5c?
-52be8d
In base 14, what is -1219 + -490?
-16a9
In base 12, what is -15 + 1a10119?
1a10104
In base 5, what is -22103422424 - -10?
-22103422414
In base 13, what is 504 - -abc7?
b3cb
In base 7, what is 4265650164 - -1?
4265650165
In base 5, what is -4 - -11344442243?
11344442234
In base 8, what is -14340721 + 3?
-14340716
In base 8, what is -3 - -52637624?
52637621
In base 15, what is -132 - -6b0d2?
6aea0
In base 6, what is 154143445455 + 2?
154143445501
In base 13, what is 6b - 19b162?
-19b0c4
In base 7, what is 3523 + 10033?
13556
In base 12, what is 3b1674 - 7a?
3b15b6
In base 12, what is -35 - 3a1ba83?
-3a1bab8
In base 15, what is c3a3b - 16?
c3a25
In base 10, what is 75909 + 327?
76236
In base 6, what is -314 - -32231312?
32230554
In base 9, what is -2152631 + -63?
-2152704
In base 9, what is 2650 + 278366?
282126
In base 13, what is -24235 + 10a4?
-23161
In base 5, what is 43 + -132211240?
-132211142
In base 7, what is -3 - -161506263?
161506260
In base 2, what is 10 + -1101111010101101101001100?
-1101111010101101101001010
In base 10, what is -189408663 - 1?
-189408664
In base 7, what is -13565311 + 4?
-13565304
In base 4, what is 13 - -1102003031032?
1102003031111
In base 10, what is -16 - -260949?
260933
In base 4, what is -2 + 10002022312?
10002022310
In base 4, what is 3021332213 - -1102?
3021333321
In base 11, what is -109147 + 89?
-109069
In base 3, what is 110 - 102021100211222?
-102021100211112
In base 5, what is 10011442 + 0?
10011442
In base 12, what is 53 - 118753?
-118700
In base 6, what is 32102355 - -21?
32102420
In base 9, what is 0 - -32711136?
32711136
In base 14, what is -5442d + 4?
-54429
In base 8, what is -5621 + -7317?
-15140
In base 10, what is -55462 + -4?
-55466
In base 13, what is 1c1299 - -5b6?
1c1882
In base 4, what is 2121101022 + 113?
2121101201
In base 10, what is 12490 - 565?
11925
In base 16, what is -73 - -d0506?
d0493
In base 7, what is 40 - 10152102?
-10152032
In base 12, what is 5 + aa1a7b?
aa1a84
In base 6, what is -2 + 152310423?
152310421
In base 13, what is 226 - 128a01?
-1287a8
In base 13, what is -c - -13c861?
13c852
In base 12, what is -a24 - -7818?
69b4
In base 6, what is -3541223 - 43?
-3541310
In base 3, what is 20 - -10121200200211?
10121200201001
In base 6, what is -3052 + 42404501?
42401405
In base 15, what is 4a - 82bc5?
-82b7a
In base 5, what is 11324324312 + -3?
11324324304
In base 12, what is -18ba129 - 16?
-18ba143
In base 14, what is -2b278c3 + -2?
-2b278c5
In base 6, what is 34231405 + 3?
34231412
In base 12, what is 521ab0 - -3?
521ab3
In base 2, what is 11100110011 + -1001110000111?
-110001010100
In base 3, what is -11122020 - -1122021120?
1110122100
In base 2, what is -1110100 - 1010010010001011101000?
-1010010010001101011100
In base 7, what is -120 + 2020156?
2020036
In base 13, what is -96a374 - -3?
-96a371
In base 10, what is 1686 - 120609?
-118923
In base 2, what is 10011 + -10100110010111101001?
-10100110010111010110
In base 11, what is -a806 + -11625?
-21330
In base 14, what is -71000 - -29?
-70db5
In base 16, what is -5a4ea06 - -5?
-5a4ea01
In base 8, what is -3 + -10461251?
-10461254
In base 11, what is -38 - -85a892?
85a855
In base 3, what is -10 - 200221020202100?
-200221020202110
In base 12, what is -81745 - 8a?
-81813
In base 5, what is 2002202 - -13302?
2021004
In base 2, what is 10000001 - -101100111111100011?
101101000001100100
In base 16, what is 4 + 5514f8?
5514fc
In base 9, what is 8480434 - -10?
8480444
In base 7, what is 3260050 - 163?
3256554
In base 11, what is 10153 + 5a0?
10743
In base 14, what is 21d10 + 59b?
224ab
In base 15, what is 1097 + -913e6?
-9034e
In base 8, what is -34406 - 7263?
-43671
In base 6, what is 11150 + 131552?
143142
In base 3, what is 202121110200101 + -11201?
202121110111200
In base 15, what is 388c96 + -c?
388c89
In base 4, what is 3 - -22